{"id":60,"date":"2024-01-30T10:43:12","date_gmt":"2024-01-30T10:43:12","guid":{"rendered":"https:\/\/moxu.net\/marion_wp\/?page_id=60"},"modified":"2025-09-12T17:43:26","modified_gmt":"2025-09-12T17:43:26","slug":"gespraechspsychotherapie","status":"publish","type":"page","link":"https:\/\/xn--marion-mller-assmus-dbc.de\/index.php\/gespraechspsychotherapie\/","title":{"rendered":"Gespr\u00e4chspsychotherapie"},"content":{"rendered":"<blockquote><p>Ich glaube daran, dass das gr\u00f6\u00dfte Geschenk, das ich von jemandem empfangen kann, ist, gesehen, geh\u00f6rt, verstanden und ber\u00fchrt zu werden. Das gr\u00f6\u00dfte Geschenk, das ich geben kann, ist, den anderen zu sehen, zu h\u00f6ren, zu verstehen und zu ber\u00fchren. Wenn dies geschieht, entsteht Kontakt.<br \/>\n\u2013 Virginia Satir \u2013<\/p><\/blockquote>\n<p>Die Methode der personenzentrierten GPT strebt eine von Vertrauen, menschlicher Zuwendung, Offenheit und Flexibilit\u00e4t gepr\u00e4gten Beziehung zwischen Klient und Therapeuten an. Dabei ist die Haltung des Therapeuten wertsch\u00e4tzend, authentisch und empathisch.<\/p>\n<p><strong>Anwendungsgebiete:<\/strong><\/p>\n<p>Pers\u00f6nliche Krisen, Ver\u00e4nderungssituationen, Trauer, depressive Verstimmungen, Beziehungsprobleme und psychosomatische Erkrankungen.<\/p>\n<p><img loading=\"lazy\" decoding=\"async\" class=\"wp-image-202 alignleft\" src=\"https:\/\/xn--marion-mller-assmus-dbc.de\/wp-content\/uploads\/2025\/09\/gespraech_35-213x300.jpg\" alt=\"\" width=\"318\" height=\"448\" srcset=\"https:\/\/xn--marion-mller-assmus-dbc.de\/wp-content\/uploads\/2025\/09\/gespraech_35-213x300.jpg 213w, https:\/\/xn--marion-mller-assmus-dbc.de\/wp-content\/uploads\/2025\/09\/gespraech_35.jpg 355w\" sizes=\"auto, (max-width: 318px) 100vw, 318px\" \/><\/p>\n<p>Die Gespr\u00e4chspsychotherapie (GPT) geh\u00f6rt zu den bew\u00e4hrten therapeutischen Methoden. Sie wurde von Carl R. Rogers begr\u00fcndet und von Reinhard Tausch weiterentwickelt. Wissenschaftliche Untersuchungen haben die Wirksamkeit der GPT nachgewiesen.<\/p>\n<p>Der Klient\/die Klientin wird bef\u00e4higt, sich selber und seine Umwelt genauer wahrzunehmen und neue L\u00f6sungen zu erkennen. Er\/sie wird angeregt zu eigenst\u00e4ndigem F\u00fchlen und Handeln, zu Selbstverantwortung und Selbstvertrauen.<\/p>\n<p>Es werden keine Heilversprechen abgegeben. Die Beratung und Behandlung erfolgt unter Ber\u00fccksichtigung meiner Ausbildungen, Erkenntnisse und Erfahrungen nach bestem Wissen und Gewissen. Daf\u00fcr bilde ich mich regelm\u00e4\u00dfig weiter.<\/p>\n<p>Das Honorar f\u00fcr eine Sitzung betr\u00e4gt 90,00 Euro pro Sitzung (60 Minuten).<\/p>\n<p>F\u00fcr Sch\u00fcler\/innen und Student\/innen biete ich einen Nachlass in H\u00f6he von 20 % an.<br \/>\nDie Sitzungen k\u00f6nnen nicht \u00fcber Krankenkassen abgerechnet werden.<br \/>\nWeitere Informationen erh\u00e4ltst du in einem kostenlosen Kennenlerngespr\u00e4ch (Anmeldung \u00fcber das Kontaktformular oder Mobil unter: 0151-20135717).<\/p>\n<p>&nbsp;<\/p>\n<p><img loading=\"lazy\" decoding=\"async\" class=\"aligncenter wp-image-47 size-full\" src=\"https:\/\/xn--marion-mller-assmus-dbc.de\/wp-content\/uploads\/2024\/01\/zertifikat-gespraech.png\" alt=\"Zertifikat Heart and Soul Academy\" width=\"380\" height=\"544\" srcset=\"https:\/\/xn--marion-mller-assmus-dbc.de\/wp-content\/uploads\/2024\/01\/zertifikat-gespraech.png 380w, https:\/\/xn--marion-mller-assmus-dbc.de\/wp-content\/uploads\/2024\/01\/zertifikat-gespraech-210x300.png 210w\" sizes=\"auto, (max-width: 380px) 100vw, 380px\" \/><\/p>\n","protected":false},"excerpt":{"rendered":"<p>Ich glaube daran, dass das gr\u00f6\u00dfte Geschenk, das ich von jemandem empfangen kann, ist, gesehen, geh\u00f6rt, verstanden und ber\u00fchrt zu werden. Das gr\u00f6\u00dfte Geschenk, das ich geben kann, ist, den anderen zu sehen, zu h\u00f6ren, zu verstehen und zu ber\u00fchren. Wenn dies geschieht, entsteht Kontakt. \u2013 Virginia Satir \u2013 Die Methode der personenzentrierten GPT strebt&#8230;<\/p>\n","protected":false},"author":1,"featured_media":0,"parent":0,"menu_order":0,"comment_status":"closed","ping_status":"closed","template":"","meta":{"footnotes":""},"class_list":["post-60","page","type-page","status-publish","hentry"],"_links":{"self":[{"href":"https:\/\/xn--marion-mller-assmus-dbc.de\/index.php\/wp-json\/wp\/v2\/pages\/60","targetHints":{"allow":["GET"]}}],"collection":[{"href":"https:\/\/xn--marion-mller-assmus-dbc.de\/index.php\/wp-json\/wp\/v2\/pages"}],"about":[{"href":"https:\/\/xn--marion-mller-assmus-dbc.de\/index.php\/wp-json\/wp\/v2\/types\/page"}],"author":[{"embeddable":true,"href":"https:\/\/xn--marion-mller-assmus-dbc.de\/index.php\/wp-json\/wp\/v2\/users\/1"}],"replies":[{"embeddable":true,"href":"https:\/\/xn--marion-mller-assmus-dbc.de\/index.php\/wp-json\/wp\/v2\/comments?post=60"}],"version-history":[{"count":11,"href":"https:\/\/xn--marion-mller-assmus-dbc.de\/index.php\/wp-json\/wp\/v2\/pages\/60\/revisions"}],"predecessor-version":[{"id":205,"href":"https:\/\/xn--marion-mller-assmus-dbc.de\/index.php\/wp-json\/wp\/v2\/pages\/60\/revisions\/205"}],"wp:attachment":[{"href":"https:\/\/xn--marion-mller-assmus-dbc.de\/index.php\/wp-json\/wp\/v2\/media?parent=60"}],"curies":[{"name":"wp","href":"https:\/\/api.w.org\/{rel}","templated":true}]}}